uppose -2*x = -3*x + 11. Let w(a) = 12 + 5*a + 2*a - 4*a - 6*a. What is the remainder when w(-10) is divided by x?
9
Suppose 33*t - 32*t - 37 = 0. Calculate the remainder when 123 is divided by t.
12
Let t(o) = 0*o - 11 + 0*o + 2*o - o. Let y be t(11). Suppose y = -0*r + r - 79. What is the remainder when r is divided by 20?
19
Calculate the remainder when 9 is divided by -2 + 8*(-1 + (-14)/(-8)).
1
Suppose -4*g + y + 139 + 695 = 0, 5*g - 1043 = y. Suppose 67*h = -24*h + 24*h + 2010. What is the remainder when g is divided by h?
29
Suppose -5*o = 461 - 1121. Suppose -14*g + 3*g + o = 0. Calculate the remainder when g is divided by 7.
5
Let p(q) = -33 - 15 - 5*q + 26. Calculate the remainder when p(-9) is divided by 6.
5
Suppose 0 = 5*j - 24 - 31. Let a = 7723 + -7705. What is the remainder when a is divided by j?
7
Suppose -153*p + 147*p + 396 = 0. Calculate the remainder when p is divided by 17.
15
Let z be (-151)/3*(0/6 + 3). Let s = -122 - z. Calculate the remainder when s is divided by 12.
5
Suppose 64 = 5*g - 2*j, 4*j - 11 - 1 = 0. Let i be 13/((-91)/14)*(-34)/4. Let z = i - 11. Calculate the remainder when g is divided by z.
2
What is the remainder when 129 is divided by 176/6 + 406/(-174)?
21
Suppose 0 = -36*o + 38*o - 4*a - 42, 5*o - 2*a - 121 = 0. Calculate the remainder when 273 is divided by o.
23
Suppose 468*v - 80 = -2*u + 471*v, -v + 188 = 4*u. What is the remainder when u is divided by (15 - -3) + (-1 - 1)?
14
Let n(o) = 6*o**2 - 2*o + 1. What is the remainder when n(-1) is divided by 5?
4
Let y = 688 - 530. What is the remainder when y is divided by 34?
22
Let p(z) = -z + 3*z**2 - 5*z**2 + 2 + z**2. Let j be p(0). Let l = 46 - j. Calculate the remainder when l is divided by 16.
12
Suppose -4*u + 62 = -2*f, -3*u - 2*f = -0*u - 29. Suppose 3*q - 2*q + 4*x + 12 = 0, -2*q - 5*x - 9 = 0. Calculate the remainder when u is divided by 16/14*28/q.
1
Calculate the remainder when 411 is divided by 9/((-72)/16)*(-59)/2.
57
Suppose 2*j - 1 = 11. Suppose j*g - 128 = 2*g. Suppose -7*t + g = -3*t. Calculate the remainder when 30 is divided by t.
6
Let s(h) = h**3 - h + 8*h + 5 + 7*h**2 + 8*h**2 - 7*h**2. Calculate the remainder when (27/12)/((-9)/(-36)) is divided by s(-7).
4
Let t = 50 + -35. Calculate the remainder when 27 is divided by t.
12
Let b = 15 - 5. Let w = 32 - b. Calculate the remainder when 41 is divided by w.
19
Let s = 291 + -278. Calculate the remainder when 76 is divided by s.
11
Let g(b) = 24*b**2 + b + 1. Let t be g(1). Let i = t + 19. What is the remainder when i is divided by 360/50 + (-8)/(-10)?
5
Suppose -8*n + 256 + 344 = 0. Let f = n + -70. What is the remainder when 24 is divided by f?
4
Let i = 10 + -20. Let r = 13 + i. Suppose 0 = 2*b - r*l - 107, 0 = -4*b - l - 3*l + 264. What is the remainder when b is divided by 21?
19
Let p = 4 + -8. Suppose 23 + 7 = 3*k. Calculate the remainder when (-24)/(((-18)/p)/(-6 - -3)) is divided by k.
6
Suppose -4*l - 739 = -3*m, 3*m - 6*l = -7*l + 719. Calculate the remainder when m is divided by 41.
36
Suppose 8 = 9*u - 8*u. What is the remainder when 87 is divided by 3 - (-100)/u - 4/8?
12
Let t be 40/3 - (-6)/9. Suppose t*s - 14 = 12*s. Calculate the remainder when 1*26 - 0/1 is divided by s.
5
Suppose -25*s = -2*s - 989. What is the remainder when 298 is divided by s?
40
Let k = -230 + 324. What is the remainder when 1127 is divided by k?
93
Let h(d) = 4*d - 1. Let v = 120 + -126. What is the remainder when v + (-2 - -3) - -48 is divided by h(3)?
10
Suppose a = 3 + 35. Let r = 28 + -8. Calculate the remainder when a is divided by r.
18
Suppose -3*r + 2*u - u = -52, -3*r = -4*u - 55. What is the remainder when 167 is divided by r?
14
Let n be (-2)/1 + -2 - -24. Let c(d) = d**3 - 19*d**2 - 18*d + 15. Calculate the remainder when c(n) is divided by 28.
27
Let y(q) = -q**2 - 27*q + 9. Calculate the remainder when y(-5) is divided by 15.
14
Let z(o) = -o**3 - 3*o**2 - 4*o - 3. Let u be z(-3). Calculate the remainder when 4 + 1*(-24)/(-3) is divided by (-84)/8*(-6)/u.
5
Let l = -33 + 60. Let y(z) = -z**3 + 9*z**2 + z. Calculate the remainder when l is divided by y(9).
0
Let r = 6 - 2. Suppose -5*p - n + 181 + 122 = 0, -246 = -r*p + n. Calculate the remainder when p is divided by 21.
19
Let z(q) = -q**3 + 51*q**2 - 49*q - 4. Calculate the remainder when 132 is divided by z(50).
40
Let g be -10 - -10 - 1*-9. Let d = g + 6. What is the remainder when d is divided by 8?
7
Let b be (-12)/(-54) + 2/(-9). Suppose b = -12*y + 15*y. Suppose 4*q = -5*d + 201, y = d + d + 5*q - 77. Calculate the remainder when d is divided by 11.
8
Let v(l) = 4*l**2 - 2*l - 5. Suppose 5*o = 4*g - 27, 3*o = -3*g - 2*o - 6. Calculate the remainder when 99 is divided by v(g).
24
Suppose -4*p + 67 = -2*d + 11, 61 = -2*d + 5*p. Let s = d - -40. What is the remainder when s is divided by 1 - -1*(9 - -2)?
10
Suppose 0 = -820*p + 819*p + 48. What is the remainder when 479 is divided by p?
47
Suppose -2*i + 66 = j, 3*j + 10*i - 14*i - 158 = 0. Calculate the remainder when 229 is divided by j.
55
Let z(l) be the first derivative of -2*l**2 - 3*l + 3. Calculate the remainder when 13 is divided by z(-2).
3
Let a(z) = -z**3 - z + 1. Let d be a(2). What is the remainder when (2 - 208/12)/((-1)/3) is divided by (-2)/(-9) - 142/d?
14
Suppose 5*j + i = 20, 0*j + 4*i = 3*j - 12. Let c be 4/(-13 + 5)*122. Let q = -55 - c. Calculate the remainder when q is divided by j.
2
Let b(t) = -t + 18. Let i be b(15). Suppose 3*v - 5 - 16 = i*n, -5*v = 2*n - 49. What is the remainder when 25 is divided by v?
7
Let u(k) = k**3 - 18*k**2 + 4 + k + 4 - 6. Let t be u(18). Suppose -2*x + 118 = t. Calculate the remainder when x is divided by 10.
9
Calculate the remainder when 87 is divided by 5/((-75)/(-462)) + (-4)/(-20).
25
Let m(q) = 1 + q + 3*q - 2 - 1. Calculate the remainder when 38 is divided by m(4).
10
Let w(n) = 2*n**3 - 30*n**2 + 2*n + 3. Calculate the remainder when 230 is divided by w(15).
32
Suppose 198 = 2*a + 24. Suppose 0 = 5*v - a - 8. Calculate the remainder when 75 is divided by v.
18
Suppose 266 = 5*k + 3*g, 0 = -4*k + 7*g - 8*g + 217. Calculate the remainder when 380 is divided by k.
50
Calculate the remainder when -5 - (-219 - (-12)/4) is divided by 10/(-55) + (-585)/(-11).
52
Let i = -200 - -205. Calculate the remainder when 8 is divided by i.
3
Let a be (-100)/10*21/2. Let z = a - -122. What is the remainder when 29 is divided by z?
12
Suppose -10218 = 52*d - 58422. What is the remainder when d is divided by 15?
12
Let h(o) = o**2 + 15*o - 38. What is the remainder when h(-21) is divided by 49?
39
Suppose -12*b - 158 = -10*b. Let j = b - -116. What is the remainder when j is divided by 19?
18
Let y = -2 - -3. Suppose 3*i = 5 + y. Suppose o = -q + 13, 3*q + 0*q = -i*o + 41. What is the remainder when q is divided by 8?
7
Let i = -1388 - -1393. Suppose -2*m + 10 = 0, 3*n + 11 = m + 72. What is the remainder when n is divided by i?
2
Suppose -k + 2*k = -4*a + 30, -2*a - 4*k = -22. Let l(u) = -1 - 3*u - a + 3. Calculate the remainder when l(-15) is divided by 14.
12
Let j be (1 + 0 - 1) + 2. Suppose j*o + 8 = -10. Calculate the remainder when 5 is divided by (-2)/9 + (-29)/o.
2
Suppose -3*y + 4*y - 19 = 0. Suppose q - 7 = 4*w, -53 = -5*q - 2*w + 4*w. What is the remainder when y is divided by q?
8
Let h = -7 - -10. Suppose -s + 3*g = -9, 2*s + h*g = -1 + 19. Let u = 24 - 7. Calculate the remainder when u is divided by s.
8
Suppose 4*b - 382 = 314. Let m(j) = j**3 - 14*j**2 + 40*j + 22. Calculate the remainder when b is divided by m(10).
20
Let q(l) = -l**3 + 6*l**2 + 9*l - 9. Let h be q(7). Suppose -g - 114 = -5*j, -h*j + 2*g + 106 = 3*g. Calculate the remainder when j is divided by 12.
10
Suppose 211*p - 226*p = -2340. What is the remainder when 777 is divided by p?
153
Suppose 2*x + 0*x - k = 158, -3*x + 211 = 5*k. Suppose 4*f - 4*c + 129 = -f, -4*c - 161 = 5*f. Let a = f - -49. What is the remainder when x is divided by a?
17
Let x be (-480)/(-22) - 2/(-11). Let v = x + -18. Suppose v*n - 4*i - 27 = -n, n = -4*i - 9. Calculate the remainder when 7 is divided by n.
1
Suppose 2*z - 3*a - 18 = 2*a, 3*a = -3*z + 6. Let b = z + 1. Suppose -43 = -b*d - 3. What is the remainder when 22 is divided by d?
6
Suppose 107*m - 130*m +